{"id":9606,"date":"2024-04-22T18:56:01","date_gmt":"2024-04-22T23:56:01","guid":{"rendered":"https:\/\/www.newtonyunguyo.edu.pe\/?page_id=9606"},"modified":"2026-01-19T11:40:42","modified_gmt":"2026-01-19T16:40:42","slug":"unidad-de-investigacion","status":"publish","type":"page","link":"https:\/\/www.newtonyunguyo.edu.pe\/index.php\/unidad-de-investigacion\/","title":{"rendered":"UNIDAD DE INVESTIGACION"},"content":{"rendered":"<p>Responsable de planificar, supervisar y evaluar el desarrollo de las actividades acad\u00e9micas. Est\u00e1 conformada por \u00e1reas acad\u00e9micas responsables de las actividades propias de los programas de estudios conducentes a la obtenci\u00f3n de un t\u00edtulo. En este caso, est\u00e1 conformada, adem\u00e1s, por \u00e1reas responsables de asegurar y supervisar el desarrollo de la pr\u00e1ctica y la investigaci\u00f3n. Depende de la Direcci\u00f3n General.<\/p>\n<p><strong>FUNCIONES DE LA UNIDAD DE INVESTIGACION<\/strong>:<\/p>\n<ol>\n<li>Establecer las l\u00edneas de investigaci\u00f3n pertinentes con las necesidades nacionales, regionales, locales e institucionales de la actividad docente.<\/li>\n<li>Planificar la actividad de investigaci\u00f3n con la participaci\u00f3n de docentes y estudiantes.<\/li>\n<li>Organizar el desarrollo de las actividades de investigaci\u00f3n: recursos, l\u00edneas de investigaci\u00f3n, metodolog\u00edas, asignaci\u00f3n de responsabilidades.<\/li>\n<li>Supervisar el desarrollo de las actividades de investigaci\u00f3n.<\/li>\n<li>Evaluar las l\u00edneas y trabajos de investigaci\u00f3n, incluyendo sus recursos, procesos y resultados.<\/li>\n<li><\/li>\n<li>Desarrollar la investigaci\u00f3n formativa como estrategia transversal orientada a mejorar la pr\u00e1ctica pedag\u00f3gica. Desarrollar investigaciones e innovaciones que mejoren la pr\u00e1ctica pedag\u00f3gica de los docentes formadores y de los estudiantes de Newton Desarrollar investigaciones e innovaciones que mejoren la pr\u00e1ctica pedag\u00f3gica de los docentes de formaci\u00f3n cont\u00ednua.<\/li>\n<li>Difundir el saber pedag\u00f3gico producido por docentes y estudiantes como resultado de la investigaci\u00f3n y la Innovaci\u00f3n<\/li>\n<li>Articular todos los procesos de indagaci\u00f3n y transformaci\u00f3n de las pr\u00e1cticas formativas realizadas por los docentes formadores.<\/li>\n<li>Investigar e innovar con orientaci\u00f3n al cambio y mejora de la formaci\u00f3n docente<\/li>\n<li>Sistematizar las buenas pr\u00e1cticas de los formadores.<\/li>\n<li>Aportar al desarrollo de la formaci\u00f3n docente para aprender a trav\u00e9s de la indagaci\u00f3n y la producci\u00f3n de conocimiento, en contextos reales o plausibles de ejercicio profesional.<\/li>\n<li>Producir conocimientos para la mejora de la pr\u00e1ctica docente desde una perspectiva intercultural y de respeto a la diversidad, as\u00ed como el fomento de una cultura investigativa en el ejercicio docente.<\/li>\n<li>Vincular la investigaci\u00f3n a la pr\u00e1ctica pedag\u00f3gica como parte del proceso formativo<\/li>\n<li>Supervisar y apoyar proyectos y acciones de investigaci\u00f3n derivadas de convenios y contratos suscritos con entidades nacionales e internacionales.<\/li>\n<li>Propiciar acciones de Responsabilidad Social mediante programas y proyectos que desarrollan los estudiantes, a trav\u00e9s de la pr\u00e1ctica docente.<\/li>\n<li>Proponer y ejecutar programas para mejorar las habilidades de comunicaci\u00f3n, liderazgo, resoluci\u00f3n de conflictos e inteligencia emocional de los docentes, a fin de crear entornos motivadores para el aprendizaje y la cooperaci\u00f3n.<\/li>\n<li>Organizar, promover y difundir los resultados de la investigaci\u00f3n orientada a la generaci\u00f3n de conocimiento cient\u00edfico, human\u00edstico, tecnol\u00f3gico y de innovaci\u00f3n.<\/li>\n<li>Coordinar y apoyar las acciones educativas derivadas de Convenios y Contratos que involucran a la pr\u00e1ctica docente.<\/li>\n<li>Gestionar la protecci\u00f3n de los trabajos de investigaci\u00f3n generados en la instituci\u00f3n, con el se\u00f1alamiento de los autores, mediante el correspondiente registro de la propiedad intelectual y patentes, en concordancia con lo establecido en las normas legales acerca de la propiedad intelectual.<\/li>\n<li>Establecer alianzas estrat\u00e9gicas con entidades p\u00fablicas o privadas, nacionales e internacionales, para realizar actividades colaborativas e intercambio de informaci\u00f3n y experiencias en Investigaci\u00f3n e Innovaci\u00f3n Educativa.<\/li>\n<li>Elaborar el Plan Anual de perfeccionamiento del personal a su cargo.<\/li>\n<\/ol>\n","protected":false},"excerpt":{"rendered":"<p>Responsable de planificar, supervisar y evaluar el desarrollo de las actividades acad\u00e9micas. Est\u00e1 conformada por \u00e1reas acad\u00e9micas responsables de las actividades propias de los programas de estudios conducentes a la obtenci\u00f3n de un t\u00edtulo. En este caso, est\u00e1 conformada, adem\u00e1s, por \u00e1reas&#8230;<\/p>\n","protected":false},"author":1,"featured_media":0,"parent":0,"menu_order":0,"comment_status":"closed","ping_status":"closed","template":"","meta":{"footnotes":""},"class_list":["post-9606","page","type-page","status-publish","hentry"],"post_mailing_queue_ids":[],"_links":{"self":[{"href":"https:\/\/www.newtonyunguyo.edu.pe\/index.php\/wp-json\/wp\/v2\/pages\/9606","targetHints":{"allow":["GET"]}}],"collection":[{"href":"https:\/\/www.newtonyunguyo.edu.pe\/index.php\/wp-json\/wp\/v2\/pages"}],"about":[{"href":"https:\/\/www.newtonyunguyo.edu.pe\/index.php\/wp-json\/wp\/v2\/types\/page"}],"author":[{"embeddable":true,"href":"https:\/\/www.newtonyunguyo.edu.pe\/index.php\/wp-json\/wp\/v2\/users\/1"}],"replies":[{"embeddable":true,"href":"https:\/\/www.newtonyunguyo.edu.pe\/index.php\/wp-json\/wp\/v2\/comments?post=9606"}],"version-history":[{"count":2,"href":"https:\/\/www.newtonyunguyo.edu.pe\/index.php\/wp-json\/wp\/v2\/pages\/9606\/revisions"}],"predecessor-version":[{"id":9800,"href":"https:\/\/www.newtonyunguyo.edu.pe\/index.php\/wp-json\/wp\/v2\/pages\/9606\/revisions\/9800"}],"wp:attachment":[{"href":"https:\/\/www.newtonyunguyo.edu.pe\/index.php\/wp-json\/wp\/v2\/media?parent=9606"}],"curies":[{"name":"wp","href":"https:\/\/api.w.org\/{rel}","templated":true}]}}