{"id":9604,"date":"2024-04-22T18:57:41","date_gmt":"2024-04-22T23:57:41","guid":{"rendered":"https:\/\/www.newtonyunguyo.edu.pe\/?page_id=9604"},"modified":"2026-01-19T11:42:17","modified_gmt":"2026-01-19T16:42:17","slug":"unidad-de-formacion-continua","status":"publish","type":"page","link":"https:\/\/www.newtonyunguyo.edu.pe\/index.php\/unidad-de-formacion-continua\/","title":{"rendered":"UNIDAD DE FORMACI\u00d2N CONTINUA"},"content":{"rendered":"<p>Responsable de planificar, organizar, ejecutar, supervisar, monitorear y evaluar los programas de formaci\u00f3n continua institucionales, segunda especialidad y profesionalizaci\u00f3n docente, seg\u00fan corresponda. Depende de la Direcci\u00f3n General.<\/p>\n<p><strong>FUNCIONES DE LA UNIDAD DE FORMACION CONTINUA<\/strong><\/p>\n<ol>\n<li>Planificar la actividad acad\u00e9mica de los programas de formaci\u00f3n continua institucionales, segunda especialidad y profesionalizaci\u00f3n docente.<\/li>\n<li>Organizar el desarrollo de las actividades acad\u00e9micas: recursos, contenidos, metodolog\u00edas, asignaci\u00f3n de responsabilidades.<\/li>\n<li>Supervisar el desarrollo de las actividades acad\u00e9micas.<\/li>\n<li>Evaluar los programas de formaci\u00f3n continua institucionales, segunda especialidad y profesionalizaci\u00f3n docente, incluyendo sus recursos, procesos y resultados.<\/li>\n<li>Gestionar el registro de informaci\u00f3n en el SIA<\/li>\n<li>Dirigir los programas de formaci\u00f3n continua en las modalidades presencial, semipresencial o a distancia.<\/li>\n<li>Planificar, gestionar, hacer seguimiento, evaluar acciones formativas dirigidas a directores y formadores en ejercicio, incluyendo a profesionales o t\u00e9cnicos con carreras diferentes a la de educaci\u00f3n.<\/li>\n<li>Aplicar estrategias e instrumentos para el diagn\u00f3stico de necesidades formativas, modelos de sistematizaci\u00f3n y reporte de resultados a las instituciones educativas locales y regionales Seleccionar, mediante concurso p\u00fablico, al personal a cargo de<\/li>\n<\/ol>\n<p>las acciones de desarrollo de capacidades y mejora continua.<\/p>\n<ol>\n<li>Promover planes de mejora para atender necesidades formativas de acuerdo al nivel identificado en el diagn\u00f3stico previo.<\/li>\n<li>Otras atribuciones que le se\u00f1alen las normas, el presente reglamento y la superioridad.<\/li>\n<\/ol>\n","protected":false},"excerpt":{"rendered":"<p>Responsable de planificar, organizar, ejecutar, supervisar, monitorear y evaluar los programas de formaci\u00f3n continua institucionales, segunda especialidad y profesionalizaci\u00f3n docente, seg\u00fan corresponda. Depende de la Direcci\u00f3n General. FUNCIONES DE LA UNIDAD DE FORMACION CONTINUA Planificar la actividad acad\u00e9mica de los programas de&#8230;<\/p>\n","protected":false},"author":1,"featured_media":0,"parent":0,"menu_order":0,"comment_status":"closed","ping_status":"closed","template":"","meta":{"footnotes":""},"class_list":["post-9604","page","type-page","status-publish","hentry"],"post_mailing_queue_ids":[],"_links":{"self":[{"href":"https:\/\/www.newtonyunguyo.edu.pe\/index.php\/wp-json\/wp\/v2\/pages\/9604","targetHints":{"allow":["GET"]}}],"collection":[{"href":"https:\/\/www.newtonyunguyo.edu.pe\/index.php\/wp-json\/wp\/v2\/pages"}],"about":[{"href":"https:\/\/www.newtonyunguyo.edu.pe\/index.php\/wp-json\/wp\/v2\/types\/page"}],"author":[{"embeddable":true,"href":"https:\/\/www.newtonyunguyo.edu.pe\/index.php\/wp-json\/wp\/v2\/users\/1"}],"replies":[{"embeddable":true,"href":"https:\/\/www.newtonyunguyo.edu.pe\/index.php\/wp-json\/wp\/v2\/comments?post=9604"}],"version-history":[{"count":3,"href":"https:\/\/www.newtonyunguyo.edu.pe\/index.php\/wp-json\/wp\/v2\/pages\/9604\/revisions"}],"predecessor-version":[{"id":9802,"href":"https:\/\/www.newtonyunguyo.edu.pe\/index.php\/wp-json\/wp\/v2\/pages\/9604\/revisions\/9802"}],"wp:attachment":[{"href":"https:\/\/www.newtonyunguyo.edu.pe\/index.php\/wp-json\/wp\/v2\/media?parent=9604"}],"curies":[{"name":"wp","href":"https:\/\/api.w.org\/{rel}","templated":true}]}}