{"id":9602,"date":"2024-04-22T18:55:09","date_gmt":"2024-04-22T23:55:09","guid":{"rendered":"https:\/\/www.newtonyunguyo.edu.pe\/?page_id=9602"},"modified":"2026-01-19T11:38:56","modified_gmt":"2026-01-19T16:38:56","slug":"unidad-academica","status":"publish","type":"page","link":"https:\/\/www.newtonyunguyo.edu.pe\/index.php\/unidad-academica\/","title":{"rendered":"UNIDAD ACAD\u00c9MICA"},"content":{"rendered":"<p>Responsable de planificar, supervisar y evaluar el desarrollo de las actividades acad\u00e9micas. Est\u00e1 conformada por \u00c1reas Acad\u00e9micas responsables de las actividades propias de los programas de estudios conducentes a la obtenci\u00f3n de un t\u00edtulo. En este caso, est\u00e1 conformada, adem\u00e1s, por \u00e1reas responsables de asegurar y supervisar el desarrollo de la pr\u00e1ctica y la investigaci\u00f3n. Depende de la Direcci\u00f3n General.<\/p>\n<p><strong>FUNCIONES DE LA UNIDAD ACAD\u00c9MICA:<\/strong><\/p>\n<ol>\n<li>Planificar la actividad acad\u00e9mica, adecuando lo dispuesto en los dise\u00f1os curriculares b\u00e1sicos nacionales.<\/li>\n<li>Organizar las actividades acad\u00e9micas: recursos, contenidos, metodolog\u00edas, asignaci\u00f3n de responsabilidades.<\/li>\n<li>Organizar las pr\u00e1cticas pre profesionales de acuerdo al nivel de estudio.<\/li>\n<li>Supervisar el desarrollo, de acuerdo a lo programado, de las actividades acad\u00e9micas. Evaluar los programas formativos, incluyendo sus recursos, procesos y resultados.<\/li>\n<li>Gestionar el registro de informaci\u00f3n en el SIA<\/li>\n<li>Formular y ejecutar el plan de monitoreo, acompa\u00f1amiento y evaluaci\u00f3n acad\u00e9mica docente y acciones de mejora.<\/li>\n<li>Emitir opini\u00f3n e informe sobre expedientes relacionados con asuntos acad\u00e9micos.<\/li>\n<li>Planificar, ejecutar y evaluar las acciones de monitoreo y acompa\u00f1amiento a los docentes formadores de los programas de estudio.<\/li>\n<li>Garantizar la ejecuci\u00f3n de los proyectos integradores anuales con la participaci\u00f3n de los cursos implicados por los programas de estudio.<\/li>\n<li>Fomentar la ejecuci\u00f3n de diversas actividades de nivelaci\u00f3n acad\u00e9mica para los estudiantes de los programas de estudio, que permita garantizar el logro del perfil de egreso.<\/li>\n<li>Coordinar las actividades que se orientan al desarrollo f\u00edsico, psicoafectivo, social y cultural de los estudiantes de los programas de estudio.<\/li>\n<li>Planificar, organizar, ejecutar y evaluar el proceso de admisi\u00f3n de los diversos programas de estudio.<\/li>\n<li>Planificar, ejecutar y evaluar las acciones de monitoreo y acompa\u00f1amiento a los estudiantes de pr\u00e1ctica pre profesional de los cuatro \u00faltimos ciclos de formaci\u00f3n.<\/li>\n<li>Planificar, ejecutar y evaluar las acciones de monitoreo y acompa\u00f1amiento a los estudiantes de pr\u00e1ctica pre profesional de los cuatro \u00faltimos ciclos de formaci\u00f3n.<\/li>\n<li>Programar a lo largo del a\u00f1o cursos de subsanaci\u00f3n en atenci\u00f3n a las solicitudes de los alumnos<\/li>\n<\/ol>\n","protected":false},"excerpt":{"rendered":"<p>Responsable de planificar, supervisar y evaluar el desarrollo de las actividades acad\u00e9micas. Est\u00e1 conformada por \u00c1reas Acad\u00e9micas responsables de las actividades propias de los programas de estudios conducentes a la obtenci\u00f3n de un t\u00edtulo. En este caso, est\u00e1 conformada, adem\u00e1s, por \u00e1reas&#8230;<\/p>\n","protected":false},"author":1,"featured_media":0,"parent":0,"menu_order":0,"comment_status":"closed","ping_status":"closed","template":"","meta":{"footnotes":""},"class_list":["post-9602","page","type-page","status-publish","hentry"],"post_mailing_queue_ids":[],"_links":{"self":[{"href":"https:\/\/www.newtonyunguyo.edu.pe\/index.php\/wp-json\/wp\/v2\/pages\/9602","targetHints":{"allow":["GET"]}}],"collection":[{"href":"https:\/\/www.newtonyunguyo.edu.pe\/index.php\/wp-json\/wp\/v2\/pages"}],"about":[{"href":"https:\/\/www.newtonyunguyo.edu.pe\/index.php\/wp-json\/wp\/v2\/types\/page"}],"author":[{"embeddable":true,"href":"https:\/\/www.newtonyunguyo.edu.pe\/index.php\/wp-json\/wp\/v2\/users\/1"}],"replies":[{"embeddable":true,"href":"https:\/\/www.newtonyunguyo.edu.pe\/index.php\/wp-json\/wp\/v2\/comments?post=9602"}],"version-history":[{"count":2,"href":"https:\/\/www.newtonyunguyo.edu.pe\/index.php\/wp-json\/wp\/v2\/pages\/9602\/revisions"}],"predecessor-version":[{"id":9799,"href":"https:\/\/www.newtonyunguyo.edu.pe\/index.php\/wp-json\/wp\/v2\/pages\/9602\/revisions\/9799"}],"wp:attachment":[{"href":"https:\/\/www.newtonyunguyo.edu.pe\/index.php\/wp-json\/wp\/v2\/media?parent=9602"}],"curies":[{"name":"wp","href":"https:\/\/api.w.org\/{rel}","templated":true}]}}